{"id":150,"date":"2015-09-22T20:30:21","date_gmt":"2015-09-22T20:30:21","guid":{"rendered":"http:\/\/uran-deutsch-tschechischer-erinnerungsort.info\/?page_id=150"},"modified":"2017-10-08T16:22:21","modified_gmt":"2017-10-08T14:22:21","slug":"hornictvi-v-krusnohori","status":"publish","type":"page","link":"https:\/\/uran-a-cesko-nemecka-mista-pameti.eu\/?page_id=150","title":{"rendered":"Hornictv\u00ed v Kru\u0161noho\u0159\u00ed"},"content":{"rendered":"<p><strong><em>800 let spole\u010dn\u00e9ho d\u011bdictv\u00ed<\/em><\/strong><\/p>\n<p><a href=\"http:\/\/uran-deutsch-tschechischer-erinnerungsort.info\/wp-content\/uploads\/2016\/09\/Hornick\u00e1-m\u011bsta-v-Kru\u0161n\u00fdch-hor\u00e1ch.jpg\"><img loading=\"lazy\" decoding=\"async\" class=\"alignnone wp-image-400 size-large\" src=\"http:\/\/uran-deutsch-tschechischer-erinnerungsort.info\/wp-content\/uploads\/2016\/09\/Hornick\u00e1-m\u011bsta-v-Kru\u0161n\u00fdch-hor\u00e1ch-1024x768.jpg\" alt=\"Hornick\u00e1 m\u011bsta v Kru\u0161n\u00fdch hor\u00e1ch\" width=\"1024\" height=\"768\" srcset=\"https:\/\/uran-a-cesko-nemecka-mista-pameti.eu\/wp-content\/uploads\/2016\/09\/Hornick\u00e1-m\u011bsta-v-Kru\u0161n\u00fdch-hor\u00e1ch-1024x768.jpg 1024w, https:\/\/uran-a-cesko-nemecka-mista-pameti.eu\/wp-content\/uploads\/2016\/09\/Hornick\u00e1-m\u011bsta-v-Kru\u0161n\u00fdch-hor\u00e1ch-300x225.jpg 300w\" sizes=\"auto, (max-width: 1024px) 100vw, 1024px\" \/><\/a><\/p>\n<p><span style=\"color: #808080;\"><strong>Pro lep\u0161\u00ed orientaci v regionu: (Slep\u00e1) mapa hornick\u00fdch m\u011bst v Kru\u0161noho\u0159\u00ed.<\/strong> Mapu zpracoval Marcel Mahdal, 2016.<\/span><\/p>\n<h2><strong>V\u00fdukov\u00fd materi\u00e1l<\/strong><\/h2>\n<p>Tento v\u00fdukov\u00fd modul se zab\u00fdv\u00e1 hornictv\u00edm v Sasku a v \u010cech\u00e1ch a jeho v\u00edce ne\u017e 800 let trvaj\u00edc\u00ed tradici. Modul obsahuje informace o os\u00eddlov\u00e1n\u00ed krajiny, po\u010d\u00e1tc\u00edch hornictv\u00ed, technologi\u00edch t\u011b\u017eby a taven\u00ed rud v 15. stolet\u00ed, slavn\u00e9 st\u0159\u00edbrn\u00e9 minci Tolaru (Joachimsthaler), zah\u00e1jen\u00ed t\u011b\u017eby uranu, jeho rizic\u00edch a nebezpe\u010d\u00edch. D\u00e1le se v\u011bnuje sou\u010dasn\u00e9 snaze, jak nalo\u017eit a vyrovnat se s postindustri\u00e1ln\u00ed krajinou, jak citliv\u011b nav\u00e1zat na odkaz hornictv\u00ed a \u0159emesln\u00fdch tradic Kru\u0161noho\u0159\u00ed a jak vybran\u00e9 technick\u00e9 pam\u00e1tky dostat na seznamu sv\u011btov\u00e9ho kulturn\u00edho d\u011bdictv\u00ed UNESCO.<\/p>\n<p>\u00davodn\u00ed text poskytuje u\u010ditel\u016fm ve\u0161ker\u00e9 informace, kter\u00e9 pot\u0159ebuj\u00ed zn\u00e1t k pr\u00e1ci s historick\u00fdmi prameny. Anal\u00fdza obrazov\u00fdch, hmotn\u00fdch a textov\u00fdch pramen\u016f je vhodn\u00e1 pro studenty ve v\u011bku 14- a\u017e 19 let. Jsou zde p\u0159ilo\u017eeny stru\u010dn\u00e9 \u00fakoly pro pr\u00e1ci s pramenn\u00fdmi materi\u00e1ly (Obrazov\u00e9 prameny Annabergerk\u00e9ho olt\u00e1\u0159e z 16. st. je mo\u017eno pou\u017e\u00edt i pro v\u00fduku mlad\u0161\u00edch student\u016f, pokud to uzn\u00e1te za nutn\u00e9.) Odborn\u00e1 literatura a linky odkazuj\u00ed k prohlouben\u00ed znalost\u00ed o t\u00e9matu.<\/p>\n<h2><\/h2>\n<h2>Autor<\/h2>\n<p><strong>Mgr. Marcel Mahdal<\/strong>, u\u010ditel d\u011bjepisu na Jazykov\u00e9m gymn\u00e1ziu Pavla Tigrida v Ostrav\u011b, \u010dlen spolku <strong><a href=\"http:\/\/www.pant.cz\/o-sdruzeni.html\" target=\"_blank\" rel=\"noopener\">PANT<\/a><\/strong> a \u010dlen redakce poart\u00e1lu<strong> <a href=\"http:\/\/www.modernidejiny.cz\">www.modernidejiny.cz<\/a> <\/strong>.<\/p>\n","protected":false},"excerpt":{"rendered":"<p>800 let spole\u010dn\u00e9ho d\u011bdictv\u00ed Pro lep\u0161\u00ed orientaci v regionu: (Slep\u00e1) mapa hornick\u00fdch m\u011bst v Kru\u0161noho\u0159\u00ed. Mapu zpracoval Marcel Mahdal, 2016. V\u00fdukov\u00fd materi\u00e1l Tento v\u00fdukov\u00fd modul se zab\u00fdv\u00e1 hornictv\u00edm v Sasku a v \u010cech\u00e1ch a jeho v\u00edce ne\u017e 800 let trvaj\u00edc\u00ed tradici. Modul obsahuje informace o os\u00eddlov\u00e1n\u00ed krajiny, po\u010d\u00e1tc\u00edch hornictv\u00ed, technologi\u00edch t\u011b\u017eby a taven\u00ed rud v [&hellip;]<\/p>\n","protected":false},"author":4,"featured_media":0,"parent":0,"menu_order":0,"comment_status":"open","ping_status":"open","template":"","meta":{"footnotes":""},"class_list":["post-150","page","type-page","status-publish","hentry"],"_links":{"self":[{"href":"https:\/\/uran-a-cesko-nemecka-mista-pameti.eu\/index.php?rest_route=\/wp\/v2\/pages\/150","targetHints":{"allow":["GET"]}}],"collection":[{"href":"https:\/\/uran-a-cesko-nemecka-mista-pameti.eu\/index.php?rest_route=\/wp\/v2\/pages"}],"about":[{"href":"https:\/\/uran-a-cesko-nemecka-mista-pameti.eu\/index.php?rest_route=\/wp\/v2\/types\/page"}],"author":[{"embeddable":true,"href":"https:\/\/uran-a-cesko-nemecka-mista-pameti.eu\/index.php?rest_route=\/wp\/v2\/users\/4"}],"replies":[{"embeddable":true,"href":"https:\/\/uran-a-cesko-nemecka-mista-pameti.eu\/index.php?rest_route=%2Fwp%2Fv2%2Fcomments&post=150"}],"version-history":[{"count":23,"href":"https:\/\/uran-a-cesko-nemecka-mista-pameti.eu\/index.php?rest_route=\/wp\/v2\/pages\/150\/revisions"}],"predecessor-version":[{"id":950,"href":"https:\/\/uran-a-cesko-nemecka-mista-pameti.eu\/index.php?rest_route=\/wp\/v2\/pages\/150\/revisions\/950"}],"wp:attachment":[{"href":"https:\/\/uran-a-cesko-nemecka-mista-pameti.eu\/index.php?rest_route=%2Fwp%2Fv2%2Fmedia&parent=150"}],"curies":[{"name":"wp","href":"https:\/\/api.w.org\/{rel}","templated":true}]}}