{"id":310,"date":"2015-09-24T23:57:45","date_gmt":"2015-09-24T23:57:45","guid":{"rendered":"http:\/\/uran-deutsch-tschechischer-erinnerungsort.info\/?page_id=310"},"modified":"2017-02-22T16:21:42","modified_gmt":"2017-02-22T15:21:42","slug":"prameny-k-jednotlivym-zastavenim-a-ukoly","status":"publish","type":"page","link":"https:\/\/uran-a-cesko-nemecka-mista-pameti.eu\/?page_id=310","title":{"rendered":"Prameny a \u00fakoly"},"content":{"rendered":"<article class=\"main\">\n<p class=\"page-title\"><em><strong>k vybran\u00fdm zastaven\u00edm nau\u010dn\u00e9 stezky J\u00e1chymovk\u00e9 peklo<\/strong><\/em><\/p>\n<article class=\"main\">\n<ol>\n<li>N\u00e1m\u011bst\u00ed v J\u00e1chymov\u011b, <strong>K\u0159\u00ed\u017eov\u00e1 cesta k svobod\u011b \u2013 pam\u00e1tn\u00edk politick\u00fdm v\u011bz\u0148\u016fm<\/strong><br \/>\nprameny: <a title=\"K\u0159\u00ed\u017eov\u00e1 cesta ke svobod\u011b\" href=\"http:\/\/uran-a-cesko-nemecka-mista-pameti.eu\/?p=565\" target=\"_blank\">soudob\u00e9 fotografie pam\u00e1tn\u00edk\u016f<\/a><\/li>\n<li>\u201eMauthausensk\u00e9 schody\u201c <strong>\u2013 schodi\u0161t\u011b utrpen\u00ed<\/strong><br \/>\nprameny: <a title=\"\u201eMauthausensk\u00e9 schody\u201c\" href=\"http:\/\/uran-a-cesko-nemecka-mista-pameti.eu\/?p=568\" target=\"_blank\">kresba b\u00fdval\u00e9ho v\u011bzn\u011b, fotografie schodi\u0161t\u011b p\u0159ed a po rekonstrukci v roce 2015<\/a><\/li>\n<li>T\u00e1bor Eduard, <strong>\u201eRusk\u00fd autobus&#8221;\u2013\u00a0poni\u017euj\u00edc\u00ed cesta do pr\u00e1ce<\/strong><br \/>\npramen: <a title=\"\u201eRusk\u00fd autobus\u201c \u2013 poni\u017euj\u00edc\u00ed cesta do pr\u00e1ce\" href=\"http:\/\/uran-a-cesko-nemecka-mista-pameti.eu\/?p=643\" target=\"_blank\">vzpom\u00ednka pam\u011btn\u00edka<\/a><\/li>\n<li>D\u016fl Eli\u00e1\u0161, <strong>pam\u00e1tn\u00edk Eli\u00e1\u0161 \u2013 politicky pron\u00e1sledovan\u00ed skauti<\/strong><br \/>\nprameny: <a title=\"Pam\u00e1tn\u00edk Eli\u00e1\u0161\" href=\"http:\/\/uran-a-cesko-nemecka-mista-pameti.eu\/?p=629\" target=\"_blank\">informa\u010dn\u00ed text z n\u00e1st\u011bnky u pam\u00e1tn\u00edku, logo, fotografie<\/a><\/li>\n<li>D\u016fl a t\u00e1bor Rovnost: <strong>\u201eRekreace v m\u00edstech n\u011bkdej\u0161\u00edho utrpen\u00ed v\u011bz\u0148\u016f?\u201c<\/strong><br \/>\nprameny: <a title=\"D\u016fl a t\u00e1bor Rovnost\" href=\"http:\/\/uran-a-cesko-nemecka-mista-pameti.eu\/?p=498\" target=\"_blank\">3D animace t\u00e1bora, fotografie are\u00e1lu z roku 2014, logo nau\u010dn\u00e9 stezky<\/a><\/li>\n<\/ol>\n<ul>\n<li><a title=\"Nach dem Besuch...\" href=\"http:\/\/uran-deutsch-tschechischer-erinnerungsort.info\/?p=291\" target=\"_blank\">Ot\u00e1zky po fysick\u00e9 n\u00e1v\u0161t\u011bv\u011b do J\u00e1chymova<\/a><\/li>\n<\/ul>\n<\/article>\n<\/article>\n","protected":false},"excerpt":{"rendered":"<p>k vybran\u00fdm zastaven\u00edm nau\u010dn\u00e9 stezky J\u00e1chymovk\u00e9 peklo N\u00e1m\u011bst\u00ed v J\u00e1chymov\u011b, K\u0159\u00ed\u017eov\u00e1 cesta k svobod\u011b \u2013 pam\u00e1tn\u00edk politick\u00fdm v\u011bz\u0148\u016fm prameny: soudob\u00e9 fotografie pam\u00e1tn\u00edk\u016f \u201eMauthausensk\u00e9 schody\u201c \u2013 schodi\u0161t\u011b utrpen\u00ed prameny: kresba b\u00fdval\u00e9ho v\u011bzn\u011b, fotografie schodi\u0161t\u011b p\u0159ed a po rekonstrukci v roce 2015 T\u00e1bor Eduard, \u201eRusk\u00fd autobus&#8221;\u2013\u00a0poni\u017euj\u00edc\u00ed cesta do pr\u00e1ce pramen: vzpom\u00ednka pam\u011btn\u00edka D\u016fl Eli\u00e1\u0161, pam\u00e1tn\u00edk Eli\u00e1\u0161 \u2013 [&hellip;]<\/p>\n","protected":false},"author":4,"featured_media":0,"parent":525,"menu_order":0,"comment_status":"open","ping_status":"open","template":"","meta":{"footnotes":""},"class_list":["post-310","page","type-page","status-publish","hentry"],"_links":{"self":[{"href":"https:\/\/uran-a-cesko-nemecka-mista-pameti.eu\/index.php?rest_route=\/wp\/v2\/pages\/310","targetHints":{"allow":["GET"]}}],"collection":[{"href":"https:\/\/uran-a-cesko-nemecka-mista-pameti.eu\/index.php?rest_route=\/wp\/v2\/pages"}],"about":[{"href":"https:\/\/uran-a-cesko-nemecka-mista-pameti.eu\/index.php?rest_route=\/wp\/v2\/types\/page"}],"author":[{"embeddable":true,"href":"https:\/\/uran-a-cesko-nemecka-mista-pameti.eu\/index.php?rest_route=\/wp\/v2\/users\/4"}],"replies":[{"embeddable":true,"href":"https:\/\/uran-a-cesko-nemecka-mista-pameti.eu\/index.php?rest_route=%2Fwp%2Fv2%2Fcomments&post=310"}],"version-history":[{"count":10,"href":"https:\/\/uran-a-cesko-nemecka-mista-pameti.eu\/index.php?rest_route=\/wp\/v2\/pages\/310\/revisions"}],"predecessor-version":[{"id":652,"href":"https:\/\/uran-a-cesko-nemecka-mista-pameti.eu\/index.php?rest_route=\/wp\/v2\/pages\/310\/revisions\/652"}],"up":[{"embeddable":true,"href":"https:\/\/uran-a-cesko-nemecka-mista-pameti.eu\/index.php?rest_route=\/wp\/v2\/pages\/525"}],"wp:attachment":[{"href":"https:\/\/uran-a-cesko-nemecka-mista-pameti.eu\/index.php?rest_route=%2Fwp%2Fv2%2Fmedia&parent=310"}],"curies":[{"name":"wp","href":"https:\/\/api.w.org\/{rel}","templated":true}]}}