{"id":510,"date":"2017-02-01T16:07:38","date_gmt":"2017-02-01T15:07:38","guid":{"rendered":"http:\/\/uran-deutsch-tschechischer-erinnerungsort.info\/?page_id=510"},"modified":"2019-01-25T14:22:57","modified_gmt":"2019-01-25T13:22:57","slug":"o-teto-strance","status":"publish","type":"page","link":"https:\/\/uran-a-cesko-nemecka-mista-pameti.eu\/?page_id=510","title":{"rendered":"O t\u011bchto str\u00e1nk\u00e1ch"},"content":{"rendered":"<p><strong>Vznik<\/strong><\/p>\n<p>Tyto internetov\u00e9 str\u00e1nky vznikly jako v\u00fdsledek <a href=\"http:\/\/www.gei.de\/fileadmin\/gei.de\/videos\/abteilungen\/europa\/Bericht_Breitenbrunn.pdf\">XIII. \u010desko-n\u011bmeck\u00e9 konference o \u0161koln\u00edm d\u011bjepisu<\/a>, kter\u00e1 se uskute\u010dnila v listopadu roku 2014 v Breitenbrunnu v Kru\u0161n\u00fdch hor\u00e1ch. <a href=\"http:\/\/www.gei.de\/abteilungen\/europa\/europa-und-der-nationale-faktor\/deutsch-tschechische-schulbuchkommission.html\">\u010cesko-n\u011bmeck\u00e1 komise pro \u0161koln\u00ed u\u010debnice<\/a> se zde rozhodla, \u017ee nam\u00edsto sborn\u00edku podpo\u0159\u00ed vznik binacion\u00e1ln\u00edch v\u00fdukov\u00fdch materi\u00e1l\u016f k r\u016fzn\u00fdm aspekt\u016fm t\u00e9matu \u201eUran v \u010desko-n\u011bmeck\u00e9m p\u0159\u00edhrani\u010d\u00ed\u201c, kter\u00e9 budou zp\u0159\u00edstupn\u011bny pedagogick\u00e9 ve\u0159ejnosti na internetov\u00fdch str\u00e1nk\u00e1ch provozovan\u00fdch <a href=\"http:\/\/www.gei.de\/institut.html\">Institutem Georga Eckerta, Leibnitzov\u00fdm institutem pro mezin\u00e1rodn\u00ed v\u00fdzkum u\u010debnic<\/a> v Braunschweigu. Autory a redaktory v\u00fdukov\u00fdch materi\u00e1l\u016f jsou \u010dlenov\u00e9 a p\u0159edev\u0161\u00edm extern\u00ed spolupracovn\u00edci komise pro \u0161koln\u00ed u\u010debnice, jim\u017e pat\u0159\u00ed zvl\u00e1\u0161tn\u00ed pod\u011bkov\u00e1n\u00ed:<\/p>\n<ul>\n<li>Mgr. Marcel Mahdal, Ostrava, autor modulu Hornictv\u00ed v Kru\u0161noho\u0159\u00ed<\/li>\n<li>PhD Tom\u00e1\u0161 Bou\u0161ka, Praha,\u00a0autor modulu k nau\u010dn\u00e9 stezce \u201eJ\u00e1chymovsk\u00e9 peklo\u201c<\/li>\n<li>Dr. Robert Maier, Braunschweig, autor modulu o kulturn\u00edch d\u011bjin\u00e1ch radia<\/li>\n<\/ul>\n","protected":false},"excerpt":{"rendered":"<p>Vznik Tyto internetov\u00e9 str\u00e1nky vznikly jako v\u00fdsledek XIII. \u010desko-n\u011bmeck\u00e9 konference o \u0161koln\u00edm d\u011bjepisu, kter\u00e1 se uskute\u010dnila v listopadu roku 2014 v Breitenbrunnu v Kru\u0161n\u00fdch hor\u00e1ch. \u010cesko-n\u011bmeck\u00e1 komise pro \u0161koln\u00ed u\u010debnice se zde rozhodla, \u017ee nam\u00edsto sborn\u00edku podpo\u0159\u00ed vznik binacion\u00e1ln\u00edch v\u00fdukov\u00fdch materi\u00e1l\u016f k r\u016fzn\u00fdm aspekt\u016fm t\u00e9matu \u201eUran v \u010desko-n\u011bmeck\u00e9m p\u0159\u00edhrani\u010d\u00ed\u201c, kter\u00e9 budou zp\u0159\u00edstupn\u011bny pedagogick\u00e9 ve\u0159ejnosti na [&hellip;]<\/p>\n","protected":false},"author":1,"featured_media":0,"parent":0,"menu_order":0,"comment_status":"open","ping_status":"closed","template":"","meta":{"footnotes":""},"class_list":["post-510","page","type-page","status-publish","hentry"],"_links":{"self":[{"href":"https:\/\/uran-a-cesko-nemecka-mista-pameti.eu\/index.php?rest_route=\/wp\/v2\/pages\/510","targetHints":{"allow":["GET"]}}],"collection":[{"href":"https:\/\/uran-a-cesko-nemecka-mista-pameti.eu\/index.php?rest_route=\/wp\/v2\/pages"}],"about":[{"href":"https:\/\/uran-a-cesko-nemecka-mista-pameti.eu\/index.php?rest_route=\/wp\/v2\/types\/page"}],"author":[{"embeddable":true,"href":"https:\/\/uran-a-cesko-nemecka-mista-pameti.eu\/index.php?rest_route=\/wp\/v2\/users\/1"}],"replies":[{"embeddable":true,"href":"https:\/\/uran-a-cesko-nemecka-mista-pameti.eu\/index.php?rest_route=%2Fwp%2Fv2%2Fcomments&post=510"}],"version-history":[{"count":6,"href":"https:\/\/uran-a-cesko-nemecka-mista-pameti.eu\/index.php?rest_route=\/wp\/v2\/pages\/510\/revisions"}],"predecessor-version":[{"id":1006,"href":"https:\/\/uran-a-cesko-nemecka-mista-pameti.eu\/index.php?rest_route=\/wp\/v2\/pages\/510\/revisions\/1006"}],"wp:attachment":[{"href":"https:\/\/uran-a-cesko-nemecka-mista-pameti.eu\/index.php?rest_route=%2Fwp%2Fv2%2Fmedia&parent=510"}],"curies":[{"name":"wp","href":"https:\/\/api.w.org\/{rel}","templated":true}]}}

O těchto stránkách

<p><strong>Vznik</strong></p>
<p>Tyto internetové stránky vznikly jako výsledek <a href="http://www.gei.de/fileadmin/gei.de/videos/abteilungen/europa/Bericht_Breitenbrunn.pdf">XIII. česko-německé konference o školním dějepisu</a>, která se uskutečnila v listopadu roku 2014 v Breitenbrunnu v Krušných horách. <a href="http://www.gei.de/abteilungen/europa/europa-und-der-nationale-faktor/deutsch-tschechische-schulbuchkommission.html">Česko-německá komise pro školní učebnice</a> se zde rozhodla, že namísto sborníku podpoří vznik binacionálních výukových materiálů k různým aspektům tématu „Uran v česko-německém příhraničí“, které budou zpřístupněny pedagogické veřejnosti na internetových stránkách provozovaných <a href="http://www.gei.de/institut.html">Institutem Georga Eckerta, Leibnitzovým institutem pro mezinárodní výzkum učebnic</a> v Braunschweigu. Autory a redaktory výukových materiálů jsou členové a především externí spolupracovníci komise pro školní učebnice, jimž patří zvláštní poděkování:</p>
<ul>
<li>Mgr. Marcel Mahdal, Ostrava, autor modulu Hornictví v Krušnohoří</li>
<li>PhD Tomáš Bouška, Praha, autor modulu k naučné stezce „Jáchymovské peklo“</li>
<li>Dr. Robert Maier, Braunschweig, autor modulu o kulturních dějinách radia</li>
</ul>

<p>Vznik Tyto internetové stránky vznikly jako výsledek XIII. česko-německé konference o školním dějepisu, která se uskutečnila v listopadu roku 2014 v Breitenbrunnu v Krušných horách. Česko-německá komise pro školní učebnice se zde rozhodla, že namísto sborníku podpoří vznik binacionálních výukových materiálů k různým aspektům tématu „Uran v česko-německém příhraničí“, které budou zpřístupněny pedagogické veřejnosti na [&hellip;]</p>
